, 151
List the prime factors of 333236.
2, 227, 367
List the prime factors of 588137.
11, 127, 421
List the prime factors of 405331.
17, 113, 211
List the prime factors of 660455.
5, 31, 4261
What are the prime factors of 1272050?
2, 5, 13, 19, 103
List the prime factors of 272088.
2, 3, 3779
What are the prime factors of 3805613?
7, 543659
What are the prime factors of 33403383?
3, 13, 23, 12413
What are the prime factors of 1274405?
5, 11, 17, 29, 47
What are the prime factors of 172535?
5, 11, 3137
List the prime factors of 898275.
3, 5, 7, 29, 59
What are the prime factors of 8813103?
3, 13, 225977
List the prime factors of 1224157.
11, 67, 151
List the prime factors of 17832245.
5, 23, 29, 5347
What are the prime factors of 23119117?
7, 23, 37, 3881
What are the prime factors of 35471954?
2, 7, 269, 9419
List the prime factors of 7527571.
7527571
List the prime factors of 4486607.
4486607
What are the prime factors of 14452555?
5, 13, 222347
List the prime factors of 15975143.
19, 29, 79, 367
What are the prime factors of 620205?
3, 5, 173, 239
List the prime factors of 218327.
109, 2003
What are the prime factors of 1075702?
2, 593, 907
What are the prime factors of 437931?
3, 13, 19, 197
What are the prime factors of 857604?
2, 3, 11, 73, 89
List the prime factors of 1713471.
3, 571157
List the prime factors of 214924.
2, 53731
List the prime factors of 4285103.
53, 233, 347
List the prime factors of 4642793.
137, 33889
What are the prime factors of 4412918?
2, 23, 43, 97
List the prime factors of 2075489.
13, 12281
What are the prime factors of 853748?
2, 7, 30491
What are the prime factors of 2907823?
2907823
What are the prime factors of 319121?
11, 67, 433
List the prime factors of 106838.
2, 53419
List the prime factors of 5569743.
3, 1856581
What are the prime factors of 4000729?
17, 235337
What are the prime factors of 377042?
2, 53, 3557
List the prime factors of 586225.
5, 131, 179
What are the prime factors of 7524984?
2, 3, 241, 1301
List the prime factors of 490214.
2, 245107
What are the prime factors of 1320056?
2, 157, 1051
What are the prime factors of 123690?
2, 3, 5, 7, 19, 31
List the prime factors of 1439193.
3, 7, 19, 3607
List the prime factors of 2236735.
5, 269, 1663
List the prime factors of 2271546.
2, 3, 97, 1301
List the prime factors of 3955825.
5, 158233
List the prime factors of 89794.
2, 17, 19, 139
List the prime factors of 4287478.
2, 13, 103, 1601
List the prime factors of 18172775.
5, 726911
List the prime factors of 5502945.
3, 5, 7, 7487
List the prime factors of 1691226.
2, 3, 31319
List the prime factors of 114178.
2, 57089
What are the prime factors of 373971?
3, 13, 43, 223
List the prime factors of 16879700.
2, 5, 23, 41, 179
List the prime factors of 26110.
2, 5, 7, 373
List the prime factors of 2575860.
2, 3, 5, 7, 6133
What are the prime factors of 125772?
2, 3, 47, 223
List the prime factors of 12016856.
2, 23, 65309
What are the prime factors of 7317488?
2, 31, 14753
What are the prime factors of 232363?
232363
What are the prime factors of 652286?
2, 326143
List the prime factors of 10835884.
2, 139, 19489
List the prime factors of 199757.
53, 3769
List the prime factors of 165155.
5, 17, 29, 67
What are the prime factors of 11124279?
3, 271, 4561
List the prime factors of 15461103.
3, 7, 736243
List the prime factors of 2114710.
2, 5, 13, 16267
What are the prime factors of 18051364?
2, 61, 167, 443
List the prime factors of 6409345.
5, 227, 5647
List the prime factors of 377640.
2, 3, 5, 1049
List the prime factors of 15130579.
3851, 3929
List the prime factors of 7150435.
5, 37, 38651
What are the prime factors of 4523461?
79, 57259
What are the prime factors of 3298197?
3, 7, 157057
What are the prime factors of 854727?
3, 41, 6949
List the prime factors of 35245876.
2, 8811469
List the prime factors of 7593406.
2, 853, 4451
What are the prime factors of 3116253?
3, 7, 17, 29, 43
What are the prime factors of 288846?
2, 3, 1783
What are the prime factors of 1075302?
2, 3, 19913
List the prime factors of 229254.
2, 3, 19, 2011
List the prime factors of 710517.
3, 163, 1453
List the prime factors of 22839805.
5, 19, 23, 10453
What are the prime factors of 15832109?
41, 386149
What are the prime factors of 21444009?
3, 227, 31489
List the prime factors of 843223.
73, 11551
List the prime factors of 54328.
2, 6791
List the prime factors of 1274387.
19, 67073
List the prime factors of 5807154.
2, 3, 967859
What are the prime factors of 47896?
2, 5987
List the prime factors of 4006637.
4006637
List the prime factors of 4934545.
5, 7, 11, 1831
What are the prime factors of 191346?
2, 3, 31891
What are the prime factors of 2816243?
2816243
List the prime factors of 3234417.
3, 43, 25073
What are the prime factors of 11547521?
43, 268547
List the prime factors of 1426137.
3, 475379
What are the prime factors of 3277470?
2, 3, 5, 7, 15607
What are the prime factors of 145643?
145643
List the prime factors of 159580.
2, 5, 79, 101
List the prime factors of 32205908.
2, 7, 1150211
List the prime factors of 5259899.
79, 139, 479
What are the prime factors of 722755?
5, 11, 17, 773
List the prime factors of 1969030.
2, 5, 7, 23, 1223
List the prime factors of 85937.
19, 4523
What are the prime factors of 1142631?
3, 7, 2591
What are the prime factors of 115961?
61, 1901
List the prime factors of 10001769.
3, 3333923
What are the prime factors of 768381?
3, 41, 6247
What are the prime factors of 27742?
2, 11, 13, 97
What are the prime factors of 76543?
76543
List the prime factors of 1846817.
7, 193, 1367
What are the prime factors of 86944?
2, 11, 13, 19
What are the prime factors of 5335090?
2, 5, 533509
List the prime factors of 28550392.
2, 13, 271, 1013
List the prime factors of 215922.
2, 3, 7, 53, 97
What are the prime factors of 32227455?
3, 5, 13, 12713
What are the prime factors of 26561401?
43, 617707
What are the prime factors of 3144229?
11, 285839
What are the prime factors of 6145310?
2, 5, 614531
What are the prime factors of 12667313?
31, 408623
List the prime factors of 7431484.
2, 23, 80777
List the prime factors of 2116666.
2, 41, 83, 311
List the prime factors of 12112982.
2, 7, 865213
What are the prime factors of 25711426?
2, 13, 988901
What are the prime factors of 1787351?
1787351
List the prime factors of 324182.
2, 162091
What are the prime factors of 2755149?
3, 311, 2953
What are the prime factors of 4766303?
37, 128819
What are the prime factors of 271646?
2, 71, 1913
What are the prime factors of 153154?
2, 73, 1049
What are the prime factors of 196764?
2, 3, 19, 863
What are the prime factors of 727394?
2, 367, 991
List the prime factors of 8232255.
3, 5, 61, 2999
What are the prime factors of 40429?
40429
What are the prime factors of 10040281?
47, 213623
List the prime factors of 113412.
2, 3, 13, 727
What are the prime factors of 3274795?
5, 17, 59, 653
List the prime factors of 6676319.
13, 503, 1021
What are the prime factors of 43969730?
2, 5, 7, 628139
List the prime factors of 1949703.
3, 7, 227, 409
What are the prime factors of 470844?
2, 3, 11, 29, 41
List the prime factors of 22740.
2, 3, 5, 379
What are the prime factors of 2100049?
7, 300007
List the prime factors of 4237673.
11, 257, 1499
What are the prime factors of 1813035?
3, 5, 7, 31, 557
List the prime factors of 299558.
2, 7, 21397
What are the prime factors of 2852519?
2852519
List the prime factors of 1667479.
11, 17, 37, 241
What are the prime factors of 588511?
7, 11, 7643
List the prime factors of 2072610.
2, 3, 5, 23029
What are the prime factors of 12140262?
2, 3, 787, 857
What are the prime factors of 10528386?
2, 3, 11, 159521
List the prime factors of 252551.
13, 19427
List the prime factors of 1411776.
2, 3, 19, 43
What are the prime factors of 26467639?
11, 2406149
What are the prime factors of 569463?
3, 83, 2287
What are the prime factors of 4226685?
3, 5, 43, 6553
List the prime factors of 1974772.
2, 493693
List the prime factors of 107658.
2, 3, 5981
What are the prime factors of 84484?
2, 21121
List the prime factors of 5707290.
2, 3, 5, 190243
List the prime factors of 1216420.
2, 5, 60821
List the prime factors of 28591.
28591
List the prime factors of 163513.
7, 47, 71
W